c - 67 = 0, 0 = 2*v + 3*c - 23. Calculate the greatest common divisor of v and 40.
8
Suppose -1 - 24 = -5*a. Let l(p) = -3*p + 5. Let c be l(-5). Suppose -2*g + 3 + a = 5*h, -5*g = 4*h - c. Calculate the greatest common factor of g and 10.
2
Suppose -2*y - g + 46 = g, 2*y + 4*g - 42 = 0. Suppose 20 = -2*d + 4*d. Calculate the greatest common divisor of y and d.
5
Let j be ((-8)/6)/((-2)/156). Let z be (-6)/(-2)*j/6. Suppose -3*i = 2*t + 2*t - 67, 3*t + 3*i - 54 = 0. Calculate the greatest common factor of t and z.
13
Suppose -5*s = -2*j + 31, 2*j + 4*s + 5 = -3*j. Suppose j*m = 5*m - 6. Calculate the highest common factor of 12 and m.
3
Let o be 8/(-12) + (-33)/(-9). Suppose -j - z = -7, 2*j - z = 6*j - 16. Suppose 18 = o*s - j. Calculate the highest common factor of s and 28.
7
Let g be ((-17)/4)/(21/24 - 1). Calculate the greatest common divisor of 170 and g.
34
Suppose q - 5*q - 4 = 0. Let s be (q + 2)/(3/180). Let w be 3/(-5) - (-189)/15. What is the greatest common factor of s and w?
12
Suppose 7*o = -0*o + 42. What is the greatest common factor of 66 and o?
6
Let o be -8*6*(3 - (-26)/(-6)). Suppose h - 2*h + 8 = 0. What is the highest common factor of h and o?
8
Let y(z) = -z**2 - 6*z + 4. Let c be y(4). Let m = c + 62. Let g be (-2 + m)/(4/8). What is the highest common divisor of g and 12?
12
Suppose 0 = -5*h + 445 - 75. Calculate the greatest common factor of 37 and h.
37
Let z be 3/6*(-2 - 6). Let p(q) = -2*q**3 - 4*q**2 + 2*q. Let m be p(z). Calculate the highest common factor of 7 and m.
7
Suppose n - 2 = 8. Let m be ((-40)/12)/(3/(-9)). Calculate the highest common divisor of n and m.
10
Let j(m) = -9*m - 5. Let w(u) = 5*u + 2. Suppose -11 = -4*n + 5. Let q(p) = n*j(p) + 7*w(p). Let l be q(-8). What is the greatest common factor of 10 and l?
2
Suppose -4*o + z = -5*o + 65, 20 = 4*z. Let p(w) = w + 20. Let y be p(-5). What is the greatest common factor of o and y?
15
Let s = 241 + -166. Let i = 108 + -63. Let q = -15 + i. What is the greatest common divisor of s and q?
15
Let s(g) = 24*g**3 - 2*g**2 + 2*g - 1. Let t be s(1). Suppose t = v - 4. What is the greatest common divisor of 9 and v?
9
Let b be (40/6)/((-2)/(-3)). Suppose b = 3*a - 59. What is the highest common factor of a and 46?
23
Let b = 54 - -36. Calculate the greatest common divisor of b and 10.
10
Let u(o) = o**3 + 7*o**2 + 7*o + 5. Let d = -11 - -5. Let v(h) = h**2 + 8*h + 7. Let b be v(d). Let g be u(b). What is the highest common factor of 5 and g?
5
Let r(j) = -j + 3. Let m be r(0). Suppose 3*a = -m + 297. What is the greatest common factor of 14 and a?
14
Suppose -150 = -3*q + 81. Calculate the greatest common factor of 7 and q.
7
Let h(l) = l**3 - 6*l + 3. Let v be h(4). Let j = v + -25. Let d(t) = t**3 - t**2 - t + 6. Let x be d(0). What is the highest common divisor of x and j?
6
Suppose -3*y - 8 = -2*y + 2*x, 4*x = 5*y - 30. Suppose -y*f + 8*f = 90. Calculate the greatest common divisor of 135 and f.
15
Let a = 5 + -3. Suppose 3*j - 2*j - 5 = 0. Calculate the highest common factor of j and a.
1
Suppose 3*q - q = -4, -14 = -2*k + 2*q. Suppose -k = r - 2. Let z(y) = 2*y**2 + 3*y - 4. Let n be z(r). What is the greatest common factor of 5 and n?
5
Let p(l) = 72*l. Let k be p(1). Let n = -7 + 55. Suppose 4*o = v, 2*v - n = -v - 4*o. What is the highest common factor of k and v?
12
Let a(x) = -5*x - 5 + x**3 + 15*x**2 + 2 - 2 - 11*x**2. Let z be a(-4). Let k be 2/(-1) - 2*-4. Calculate the greatest common divisor of k and z.
3
Let x = 65 - 37. Let d(c) = c**2 + 2*c - 4. Let n be d(-4). Calculate the greatest common factor of n and x.
4
Suppose -20*q = -18*q - 50. Calculate the highest common divisor of q and 175.
25
Suppose -w = -18 - 2. Calculate the highest common divisor of w and 180.
20
Suppose -4*x + 86 = 10. What is the highest common divisor of 95 and x?
19
Let x(o) = -31*o + 1. Let b be x(-1). Let f be 33/2*b/3. Let g = 11 + 5. What is the highest common divisor of f and g?
16
Let i(f) = f**3 - 6*f**2 + 7*f - 9. Let q be i(6). Suppose -4*z - 16 = -3*z. Let l = z + q. Calculate the greatest common divisor of 85 and l.
17
Let h(j) = j + 58. Let i be h(0). Suppose -2*a = -0*a - i. Let c = -17 + a. What is the highest common factor of 24 and c?
12
Let u(d) = -3*d**2 - 2*d + 1 + 20*d**3 - 2*d**2 + 4*d**2. Let j be u(2). Calculate the highest common factor of 17 and j.
17
Let l(y) be the first derivative of y**3/3 + y**2 - y + 1. Let k be l(-4). Let g be 1 + 21 - (1 - 0). What is the highest common divisor of g and k?
7
Let p(d) = -1 - 17*d + 15*d + 3. Let l be p(-3). What is the greatest common divisor of l and 32?
8
Suppose 3*z - r = 7, -4*r + 2 = 3*z - 0*r. Suppose -14 = -z*n + 16. Calculate the greatest common divisor of 5 and n.
5
Let w(r) = 55*r**3 + r**2 + 2*r - 8. Let p be w(2). What is the highest common factor of p and 40?
40
Suppose -23 = -4*l + 1. Suppose -2*b + 0*b + 23 = -5*x, 62 = 3*b - 2*x. What is the highest common divisor of l and b?
6
Let d = -69 + 88. What is the highest common factor of 19 and d?
19
Suppose -p + 261 = 2*z, 0*z - 747 = -3*p + 3*z. What is the highest common factor of p and 23?
23
Let z(l) = 7*l**2 - l - 1. Suppose 5 = -11*d + 6*d. Let m be z(d). Calculate the highest common divisor of m and 35.
7
Let j be -9*(-1)/(2/6). Calculate the greatest common factor of j and 54.
27
Let b be -236 + -2*2/(-4). Suppose -u - 368 = -a + 3*u, -2*u - 362 = -a. Let l = b + a. What is the greatest common factor of l and 11?
11
Let h = 214 + -81. What is the highest common factor of h and 19?
19
Suppose 0 = -0*x - 6*x + 6. Suppose 0 = 4*n - 20, -j + 2*n + 2 - x = 0. Calculate the greatest common factor of j and 121.
11
Let r = -394 + 409. Suppose 5*z - 2 = 4*z + 2*n, -5*z + 30 = -5*n. Calculate the greatest common factor of z and r.
5
Let b be (-1 - -2) + 10 + -9. Calculate the highest common divisor of 10 and b.
2
Let b = 1 - -6. Suppose 1 - b = -3*d. Suppose -h - 2 = -d*h. Calculate the highest common factor of h and 10.
2
Let p(a) = -13*a. Let m be p(-1). Let x = m + 2. Let f be (-8 - -6)/(4/(-6)). Calculate the highest common divisor of x and f.
3
Suppose 0 = 2*k + 3*l - 2*l - 40, 0 = -2*k - 5*l + 40. Calculate the highest common factor of k and 220.
20
Suppose -4*s - 19 = -2*g + 31, 0 = -3*g + 4*s + 71. Calculate the greatest common factor of 7 and g.
7
Let g = -6 - -5. Let v be (-62 - -3)/g + 1. Suppose -a = -4*z - 45, 0 = 2*a - 0*z - 2*z - v. What is the greatest common factor of a and 10?
5
Suppose 2*j = 4*g - 1076, 3*g = 2*j + 3*j + 800. Suppose -3*u = 2*u - g. Calculate the greatest common factor of u and 6.
6
Let t be (-16)/6*9/(-4). Let j = -23 - -102. Suppose 53 = 2*r - j. Calculate the greatest common factor of r and t.
6
Suppose 2*d = 5*d - 3*x - 33, 4*d = x + 56. Let p be 2/(-5) + 591/d. Let s = 92 + -66. Calculate the greatest common factor of p and s.
13
Suppose 10 + 6 = 2*n. Calculate the highest common factor of n and 16.
8
Let p(y) = 2*y**2 - 2*y + 3. Let s be p(2). Let b = 11 - s. Suppose 44 + 52 = b*n. What is the highest common divisor of 8 and n?
8
Suppose 2*u = f - 17, 2*f - 2*u + 4*u - 10 = 0. Suppose -5*n + 10*n - 135 = 0. What is the highest common factor of n and f?
9
Let f(a) = 2*a - 4. Let x be f(6). Let s = 7 - -3. Let v be 16/s*(-50)/(-4). What is the greatest common divisor of x and v?
4
Let s be (-1)/3 + 116/6. Suppose 5*m - 289 = 96. Suppose 3*d = -0*y - 2*y + 50, 3*y + 5*d - m = 0. What is the greatest common divisor of s and y?
19
Let u(a) be the second derivative of -a**4/12 + 3*a**3/2 - 3*a**2 + 2*a. Let x be u(6). What is the highest common factor of x and 24?
12
Let m be -1 - (4 - (6 + 2)). What is the greatest common factor of m and 1?
1
Suppose 4*a - 13 = -3*f, 4*a - 3*a + 5*f + 18 = 0. Let o be -4 - (3 + -7 - -3). Let q be ((-27)/(-18))/(o/(-56)). What is the greatest common factor of a and q?
7
Suppose -55 = -4*u - 3. Calculate the highest common divisor of 117 and u.
13
Let n = -49 + 58. Let o(a) = a + 12. Let s be o(-6). Calculate the greatest common divisor of s and n.
3
Let k(f) = 2*f**2 - 6*f + 10. Let s be k(5). Calculate the highest common factor of s and 75.
15
Suppose 3*x = 2*x. Let i be 110*(-1 + 2 + x). Suppose 4*p = -2*g + 72, 0 = -5*p - g - 26 + i. What is the greatest common div